ed by 9120?
386
Calculate the remainder when 13269024 is divided by 3955.
3954
What is the remainder when 3566071 is divided by 89142?
391
What is the remainder when 2082285 is divided by 7708?
1125
Calculate the remainder when 5397932 is divided by 65.
7
What is the remainder when 357990 is divided by 8364?
6702
What is the remainder when 96136 is divided by 3840?
136
What is the remainder when 4780503 is divided by 154209?
24
What is the remainder when 5548206 is divided by 346762?
14
Calculate the remainder when 6151096 is divided by 6489.
6013
What is the remainder when 6499103 is divided by 52412?
15
What is the remainder when 74720396 is divided by 1754?
1750
What is the remainder when 229541 is divided by 4026?
59
Calculate the remainder when 1507719 is divided by 331.
14
Calculate the remainder when 8795857 is divided by 724.
705
Calculate the remainder when 76345199 is divided by 257.
8
Calculate the remainder when 33872 is divided by 783.
203
What is the remainder when 183713530 is divided by 61237842?
4
What is the remainder when 64800 is divided by 1620?
0
What is the remainder when 275135930 is divided by 703?
8
What is the remainder when 2766448 is divided by 47?
28
Calculate the remainder when 78975 is divided by 441.
36
What is the remainder when 52483 is divided by 16998?
1489
What is the remainder when 7171257 is divided by 1792809?
21
Calculate the remainder when 2311796 is divided by 2121.
2027
Calculate the remainder when 12175992 is divided by 3143.
10
Calculate the remainder when 123049108 is divided by 2908.
2904
Calculate the remainder when 151702 is divided by 268.
14
Calculate the remainder when 684205 is divided by 11591.
336
What is the remainder when 853699 is divided by 16097?
558
What is the remainder when 594630 is divided by 1348?
162
Calculate the remainder when 13716565 is divided by 2195.
10
Calculate the remainder when 288247 is divided by 402.
13
What is the remainder when 2152838 is divided by 15488?
6
Calculate the remainder when 46758733 is divided by 724.
641
Calculate the remainder when 4345010 is divided by 11141.
20
Calculate the remainder when 6217 is divided by 2763.
691
Calculate the remainder when 426801 is divided by 610.
411
Calculate the remainder when 141119 is divided by 4259.
572
What is the remainder when 477471 is divided by 1396?
39
What is the remainder when 633385 is divided by 211116?
37
What is the remainder when 17766260 is divided by 43?
36
What is the remainder when 1474360 is divided by 2028?
4
Calculate the remainder when 3413739 is divided by 410.
79
Calculate the remainder when 231085 is divided by 355.
335
Calculate the remainder when 5975407 is divided by 9748.
9631
Calculate the remainder when 63973789 is divided by 56.
5
What is the remainder when 73949665 is divided by 6020?
6005
Calculate the remainder when 1396314 is divided by 79.
68
What is the remainder when 3048616009 is divided by 5239?
5236
What is the remainder when 76159 is divided by 38040?
79
What is the remainder when 220446 is divided by 1295?
296
What is the remainder when 56747328 is divided by 94?
92
Calculate the remainder when 243623845 is divided by 11.
3
Calculate the remainder when 551245 is divided by 628.
489
Calculate the remainder when 14722 is divided by 6298.
2126
Calculate the remainder when 193413 is divided by 1459.
825
What is the remainder when 142770 is divided by 326?
308
What is the remainder when 4201198 is divided by 1400382?
52
What is the remainder when 1274451 is divided by 115858?
13
Calculate the remainder when 132371 is divided by 44079.
134
What is the remainder when 1076445 is divided by 34722?
63
What is the remainder when 2072365 is divided by 1284?
1273
Calculate the remainder when 2810088 is divided by 936696.
0
Calculate the remainder when 341791 is divided by 170380.
1031
What is the remainder when 49198 is divided by 171?
121
Calculate the remainder when 24911 is divided by 4961.
106
What is the remainder when 91364876 is divided by 38?
32
What is the remainder when 233642 is divided by 15574?
32
Calculate the remainder when 5537387 is divided by 791052.
23
What is the remainder when 152025215 is divided by 672?
671
Calculate the remainder when 259253 is divided by 185.
68
What is the remainder when 3202682 is divided by 1829?
103
What is the remainder when 894600 is divided by 22938?
18
What is the remainder when 371586798 is divided by 152?
150
What is the remainder when 38790 is divided by 947?
910
Calculate the remainder when 1286802 is divided by 20.
2
Calculate the remainder when 331530 is divided by 1008.
906
Calculate the remainder when 18706947 is divided by 10.
7
What is the remainder when 16509637 is divided by 1313?
1288
What is the remainder when 8526398 is divided by 1032?
14
Calculate the remainder when 368867 is divided by 578.
103
What is the remainder when 4742096 is divided by 14819?
16
Calculate the remainder when 24102242 is divided by 4.
2
Calculate the remainder when 4850630 is divided by 922.
910
What is the remainder when 1142469 is divided by 829?
107
Calculate the remainder when 7515096 is divided by 39.
30
Calculate the remainder when 640002 is divided by 213333.
3
What is the remainder when 19119 is divided by 9382?
355
Calculate the remainder when 12689 is divided by 11205.
1484
Calculate the remainder when 706106 is divided by 6599.
13
What is the remainder when 564032 is divided by 112800?
32
What is the remainder when 76186 is divided by 182?
110
What is the remainder when 482980948 is divided by 160993647?
7
What is the remainder when 39039 is divided by 9728?
127
Calculate the remainder when 1034156 is divided by 79516.
448
What is the remainder when 11165464 is divided by 413535?
19
What is the remainder when 2657345 is divided by 65?
15
What is the remainder when 14612680 is divided by 14612661?
19
Calculate the remainder when 83058 is divided by 6305.
1093
What is the remainder when 357355 is divided by 2786?
747
Calculate the remainder when 3368930 is divided by 31.
5
What is the remainder when 225165 is divided by 866?
5
Calculate the remainder when 31548 is divided by 2081.
333
What is the remainder when 499623 is divided by 165841?
2100
Calculate the remainder when 9563 is divided by 92.
87
Calculate the remainder when 31816401 is divided by 11416.
9
What is the remainder when 1881372 is divided by 4209?
4158
Calculate the remainder when 48510 is divided by 564.
6
Calculate the remainder when 369716 is divided by 102.
68
Calculate the remainder when 56451211 is divided by 91.
89
What is the remainder when 50875962 is divided by 1199?
1193
What is the remainder when 210719 is divided by 597?
575
What is the remainder when 529155 is divided by 335?
190
Calculate the remainder when 182637 is divided by 182.
91
What is the remainder when 10604033 is divided by 41?
39
Calculate the remainder when 1302248122 is divided by 31.
29
Calculate the remainder when 181243618 is divided by 1797.
1792
Calculate the remainder when 3868319 is divided by 1532.
19
What is the remainder when 2792803 is divided by 71610?
13
What is the remainder when 46743011 is divided by 577074?
17
Calculate the remainder when 3302512 is divided by 2423.
2386
What is the remainder when 559067 is divided by 1799?
1377
What is the remainder when 6247024 is divided by 230?
224
What is the remainder when 25955696 is divided by 1446?
1442
What is the remainder when 138473403 is divided by 1617?
1608
Calculate the remainder when 47770 is divided by 1837.
8
Calculate the remainder when 61036221 is divided by 96.
93
Calculate the remainder when 1271582 is divided by 3900.
182
Calculate the remainder when 830497 is divided by 5034.
4921
What is the remainder when 3819623 is divided by 347169?
764
Calculate the remainder when 716881680 is divided by 7.
4
Calculate the remainder when 995174 is divided by 199028.
34
Calculate the remainder when 141508 is divided by 10105.
38
What is the remainder when 825397849 is divided by 370?
369
Calculate the remainder when 1550403 is divided by 2016.
99
Calculate the remainder when 18563 is divided by 7867.
2829
Calculate the remainder when 226696 is divided by 5812.
28
What is the remainder when 812197 is divided by 203046?
13
Ca